{"id":1379,"date":"2023-01-30T17:59:52","date_gmt":"2023-01-30T16:59:52","guid":{"rendered":"https:\/\/dzielmysieusmiechem.pl\/?post_type=ak_podopieczni&#038;p=1379"},"modified":"2024-07-08T17:03:57","modified_gmt":"2024-07-08T15:03:57","slug":"maciej-pachel","status":"publish","type":"ak_podopieczni","link":"https:\/\/dzielmysieusmiechem.pl\/en\/podopieczni\/maciej-pachel\/","title":{"rendered":"Maciej Pachel"},"content":{"rendered":"<div class=\"x11i5rnm xat24cr x1mh8g0r x1vvkbs xdj266r x126k92a\">\n<div dir=\"auto\">Rocznik 2006. Zawodnik Wis\u0142y Krak\u00f3w, uleg\u0142 wypadkowi w czasie meczu ligowego w listopadzie br.<\/div>\n<\/div>\n<div class=\"x11i5rnm xat24cr x1mh8g0r x1vvkbs xtlvy1s x126k92a\">\n<div dir=\"auto\">Po diagnozie lekarskiej okaza\u0142o si\u0119, \u017ce Maciek ma z\u0142amany obojczyk z przemieszczeniem.<\/div>\n<\/div>\n<div class=\"x11i5rnm xat24cr x1mh8g0r x1vvkbs xtlvy1s x126k92a\">\n<div dir=\"auto\">Wszystko wygl\u0105da\u0142o powa\u017cnie.. Zawodnik musia\u0142 przej\u015b\u0107 operacj\u0119, kt\u00f3r\u0105 jako Fundacja sfinansowali\u015bmy. Podczas zabiegu za\u0142o\u017cona zosta\u0142a p\u0142ytka tytanowa i po\u0142\u0105czone ko\u015bci.<\/div>\n<\/div>\n<div class=\"x11i5rnm xat24cr x1mh8g0r x1vvkbs xtlvy1s x126k92a\">\n<div dir=\"auto\">Aktualnie Maciek zbiera si\u0142y przed rozpocz\u0119ciem rehabilitacji.<\/div>\n<\/div>\n<div class=\"x11i5rnm xat24cr x1mh8g0r x1vvkbs xtlvy1s x126k92a\">\n<div dir=\"auto\">\n<p>\u017byczymy bardzo du\u017co zdr\u00f3wka.<\/p>\n<\/div>\n<\/div>","protected":false},"featured_media":2696,"template":"","class_list":["post-1379","ak_podopieczni","type-ak_podopieczni","status-publish","has-post-thumbnail","hentry"],"acf":[],"aioseo_notices":[],"_links":{"self":[{"href":"https:\/\/dzielmysieusmiechem.pl\/en\/wp-json\/wp\/v2\/ak_podopieczni\/1379","targetHints":{"allow":["GET"]}}],"collection":[{"href":"https:\/\/dzielmysieusmiechem.pl\/en\/wp-json\/wp\/v2\/ak_podopieczni"}],"about":[{"href":"https:\/\/dzielmysieusmiechem.pl\/en\/wp-json\/wp\/v2\/types\/ak_podopieczni"}],"wp:featuredmedia":[{"embeddable":true,"href":"https:\/\/dzielmysieusmiechem.pl\/en\/wp-json\/wp\/v2\/media\/2696"}],"wp:attachment":[{"href":"https:\/\/dzielmysieusmiechem.pl\/en\/wp-json\/wp\/v2\/media?parent=1379"}],"curies":[{"name":"wp","href":"https:\/\/api.w.org\/{rel}","templated":true}]}}

<div class="x11i5rnm xat24cr x1mh8g0r x1vvkbs xdj266r x126k92a">
<div dir="auto">Rocznik 2006. Zawodnik Wisły Kraków, uległ wypadkowi w czasie meczu ligowego w listopadzie br.</div>
</div>
<div class="x11i5rnm xat24cr x1mh8g0r x1vvkbs xtlvy1s x126k92a">
<div dir="auto">Po diagnozie lekarskiej okazało się, że Maciek ma złamany obojczyk z przemieszczeniem.</div>
</div>
<div class="x11i5rnm xat24cr x1mh8g0r x1vvkbs xtlvy1s x126k92a">
<div dir="auto">Wszystko wyglądało poważnie.. Zawodnik musiał przejść operację, którą jako Fundacja sfinansowaliśmy. Podczas zabiegu założona została płytka tytanowa i połączone kości.</div>
</div>
<div class="x11i5rnm xat24cr x1mh8g0r x1vvkbs xtlvy1s x126k92a">
<div dir="auto">Aktualnie Maciek zbiera siły przed rozpoczęciem rehabilitacji.</div>
</div>
<div class="x11i5rnm xat24cr x1mh8g0r x1vvkbs xtlvy1s x126k92a">
<div dir="auto">
<p>Życzymy bardzo dużo zdrówka.</p>
</div>
</div>
