{"id":2902,"date":"2024-10-07T17:30:10","date_gmt":"2024-10-07T15:30:10","guid":{"rendered":"https:\/\/dzielmysieusmiechem.pl\/?post_type=product&#038;p=2902"},"modified":"2024-10-24T11:27:58","modified_gmt":"2024-10-24T09:27:58","slug":"stylowa-czapka-z-daszkiem-usmiech-w-kazdym-detalu","status":"publish","type":"product","link":"https:\/\/dzielmysieusmiechem.pl\/en\/product\/stylowa-czapka-z-daszkiem-usmiech-w-kazdym-detalu\/","title":{"rendered":"Stylowa Czapka z daszkiem &#8211; U\u015bmiech w ka\u017cdym detalu!"},"content":{"rendered":"<p>Odkryj nasz\u0105 czapk\u0119 trucker w kolorze czarnym, idealn\u0105 dla ka\u017cdego, kto pragnie po\u0142\u0105czy\u0107 mod\u0119 z dobrym uczynkiem. Wykonana z wysokiej jako\u015bci materia\u0142\u00f3w, ta unisexowa czapka z daszkiem zapewnia wygod\u0119 i styl w ka\u017cdej sytuacji. Nosz\u0105c j\u0105, nie tylko podkre\u015blisz sw\u00f3j wyj\u0105tkowy styl, ale tak\u017ce wesprzesz podopiecznych fundacji \u201eDzielmy si\u0119 u\u015bmiechem\u201d. Ca\u0142y doch\u00f3d z jej sprzeda\u017cy przeznaczamy na pomoc sportowcom w powrocie do zdrowia po kontuzjach i chorobach. Zainwestuj w swoj\u0105 mod\u0119 i przynie\u015b u\u015bmiech innym!<\/p>","protected":false},"excerpt":{"rendered":"<p>Odkryj nasz\u0105 czapk\u0119 trucker w kolorze czarnym, idealn\u0105 dla ka\u017cdego, kto pragnie po\u0142\u0105czy\u0107 mod\u0119 z dobrym uczynkiem. Wykonana z wysokiej jako\u015bci materia\u0142\u00f3w, ta unisexowa czapka z daszkiem zapewnia wygod\u0119 i styl w ka\u017cdej sytuacji. Nosz\u0105c j\u0105, nie tylko podkre\u015blisz sw\u00f3j wyj\u0105tkowy styl, ale tak\u017ce wesprzesz podopiecznych fundacji \u201eDzielmy si\u0119 u\u015bmiechem\u201d. Ca\u0142y doch\u00f3d z jej sprzeda\u017cy [&#8230;]<\/p>\n<p><a class=\"btn btn-secondary understrap-read-more-link\" href=\"https:\/\/dzielmysieusmiechem.pl\/en\/product\/stylowa-czapka-z-daszkiem-usmiech-w-kazdym-detalu\/\">Read More&#8230;<span class=\"screen-reader-text\"> from Stylowa Czapka z daszkiem &#8211; U\u015bmiech w ka\u017cdym detalu!<\/span><\/a><\/p>","protected":false},"featured_media":3005,"template":"","meta":[],"product_brand":[],"product_cat":[30],"product_tag":[],"class_list":{"0":"post-2902","1":"product","2":"type-product","3":"status-publish","4":"has-post-thumbnail","6":"product_cat-bez-kategorii","8":"first","9":"instock","10":"shipping-taxable","11":"purchasable","12":"product-type-simple"},"acf":[],"aioseo_notices":[],"_links":{"self":[{"href":"https:\/\/dzielmysieusmiechem.pl\/en\/wp-json\/wp\/v2\/product\/2902","targetHints":{"allow":["GET"]}}],"collection":[{"href":"https:\/\/dzielmysieusmiechem.pl\/en\/wp-json\/wp\/v2\/product"}],"about":[{"href":"https:\/\/dzielmysieusmiechem.pl\/en\/wp-json\/wp\/v2\/types\/product"}],"wp:featuredmedia":[{"embeddable":true,"href":"https:\/\/dzielmysieusmiechem.pl\/en\/wp-json\/wp\/v2\/media\/3005"}],"wp:attachment":[{"href":"https:\/\/dzielmysieusmiechem.pl\/en\/wp-json\/wp\/v2\/media?parent=2902"}],"wp:term":[{"taxonomy":"product_brand","embeddable":true,"href":"https:\/\/dzielmysieusmiechem.pl\/en\/wp-json\/wp\/v2\/product_brand?post=2902"},{"taxonomy":"product_cat","embeddable":true,"href":"https:\/\/dzielmysieusmiechem.pl\/en\/wp-json\/wp\/v2\/product_cat?post=2902"},{"taxonomy":"product_tag","embeddable":true,"href":"https:\/\/dzielmysieusmiechem.pl\/en\/wp-json\/wp\/v2\/product_tag?post=2902"}],"curies":[{"name":"wp","href":"https:\/\/api.w.org\/{rel}","templated":true}]}}

Stylowa Czapka z daszkiem &#8211; Uśmiech w każdym detalu!

<p>Odkryj naszą czapkę trucker w kolorze czarnym, idealną dla każdego, kto pragnie połączyć modę z dobrym uczynkiem. Wykonana z wysokiej jakości materiałów, ta unisexowa czapka z daszkiem zapewnia wygodę i styl w każdej sytuacji. Nosząc ją, nie tylko podkreślisz swój wyjątkowy styl, ale także wesprzesz podopiecznych fundacji „Dzielmy się uśmiechem”. Cały dochód z jej sprzedaży przeznaczamy na pomoc sportowcom w powrocie do zdrowia po kontuzjach i chorobach. Zainwestuj w swoją modę i przynieś uśmiech innym!</p>

<p>Odkryj naszą czapkę trucker w kolorze czarnym, idealną dla każdego, kto pragnie połączyć modę z dobrym uczynkiem. Wykonana z wysokiej jakości materiałów, ta unisexowa czapka z daszkiem zapewnia wygodę i styl w każdej sytuacji. Nosząc ją, nie tylko podkreślisz swój wyjątkowy styl, ale także wesprzesz podopiecznych fundacji „Dzielmy się uśmiechem”. Cały dochód z jej sprzedaży [&#8230;]</p>
<p><a class="btn btn-secondary understrap-read-more-link" href="https://dzielmysieusmiechem.pl/en/product/stylowa-czapka-z-daszkiem-usmiech-w-kazdym-detalu/">Read More&#8230;<span class="screen-reader-text"> from Stylowa Czapka z daszkiem &#8211; Uśmiech w każdym detalu!</span></a></p>
